of 8 and 24092?
4
What is the greatest common divisor of 99675 and 2745?
45
Calculate the greatest common factor of 364 and 448084.
364
What is the greatest common divisor of 17304 and 546?
42
What is the greatest common factor of 16 and 1394?
2
What is the highest common factor of 169 and 42250?
169
Calculate the highest common divisor of 3822 and 1014.
78
Calculate the greatest common divisor of 11590140 and 1305.
435
What is the highest common factor of 43512 and 5096?
392
What is the highest common factor of 26000 and 4784?
208
What is the greatest common factor of 232627 and 659?
659
What is the highest common divisor of 6732 and 1836?
612
What is the highest common factor of 472 and 4754692?
236
What is the greatest common factor of 53914 and 28?
14
What is the greatest common factor of 86 and 641044?
86
What is the highest common factor of 206 and 4335888?
206
What is the highest common factor of 136 and 1524713?
17
What is the highest common factor of 18 and 9477?
9
Calculate the highest common divisor of 1854 and 2383008.
618
What is the highest common divisor of 424179 and 63?
63
What is the highest common divisor of 1085 and 40705?
35
What is the highest common divisor of 4 and 488212?
4
Calculate the highest common factor of 5626 and 1940.
194
What is the greatest common divisor of 32450 and 215600?
550
Calculate the highest common divisor of 494 and 1692444.
494
What is the highest common divisor of 132 and 742500?
132
What is the greatest common factor of 378131 and 9367?
493
What is the highest common factor of 112 and 1505392?
112
What is the highest common factor of 3495 and 609295?
1165
Calculate the highest common factor of 197399 and 1853.
109
Calculate the highest common divisor of 11 and 21063207.
11
What is the highest common divisor of 36 and 263908?
4
Calculate the highest common divisor of 102 and 225.
3
What is the greatest common factor of 4400 and 30064?
16
Calculate the greatest common factor of 588 and 806001.
147
What is the highest common factor of 2 and 1665?
1
Calculate the highest common divisor of 236979 and 20043.
1179
Calculate the greatest common divisor of 1421070 and 28.
14
What is the greatest common divisor of 23939 and 1924?
37
Calculate the greatest common divisor of 29 and 1640.
1
What is the greatest common factor of 31243 and 16171?
157
Calculate the highest common factor of 1365 and 84175.
455
Calculate the greatest common divisor of 46149 and 24.
3
Calculate the highest common factor of 1920 and 13792.
32
What is the greatest common factor of 7155 and 10?
5
What is the highest common divisor of 684 and 1520?
76
What is the highest common factor of 4770 and 730?
10
Calculate the highest common divisor of 1163512 and 263.
263
What is the greatest common factor of 1425 and 162963?
57
What is the greatest common divisor of 15978 and 42?
6
Calculate the highest common factor of 1037 and 141644.
17
What is the greatest common divisor of 1988 and 10876?
4
Calculate the greatest common factor of 6 and 15738.
6
What is the greatest common divisor of 242 and 27709?
121
Calculate the highest common divisor of 158348 and 496.
124
Calculate the greatest common factor of 326 and 83293.
163
Calculate the greatest common divisor of 1127158 and 366.
122
Calculate the greatest common divisor of 394 and 2105142.
394
What is the highest common factor of 120 and 55146?
6
What is the greatest common factor of 40320 and 4095?
315
Calculate the highest common divisor of 27 and 1513089.
9
What is the greatest common divisor of 1354311 and 581?
581
What is the greatest common factor of 230 and 623990?
230
Calculate the highest common divisor of 197 and 60479.
197
Calculate the highest common factor of 485136 and 12.
12
Calculate the greatest common divisor of 103917 and 47.
47
What is the highest common divisor of 50727 and 703?
37
Calculate the greatest common factor of 24390 and 40.
10
Calculate the highest common factor of 257620 and 9900.
220
Calculate the greatest common factor of 7850 and 5450.
50
What is the highest common factor of 28632 and 1056?
24
What is the highest common factor of 235677 and 2418?
39
What is the greatest common divisor of 28287 and 14616?
63
What is the greatest common divisor of 4420 and 9265?
85
Calculate the highest common factor of 20 and 55150.
10
What is the highest common divisor of 108 and 844?
4
What is the greatest common factor of 1460 and 892425?
365
Calculate the highest common factor of 2125721 and 26.
13
What is the highest common divisor of 188 and 3358150?
94
Calculate the greatest common divisor of 52 and 1417468.
52
Calculate the highest common factor of 62 and 201686.
62
What is the highest common divisor of 10 and 598215?
5
Calculate the greatest common factor of 211 and 204881.
211
What is the highest common factor of 325680 and 24?
24
Calculate the greatest common divisor of 113388 and 396.
132
What is the greatest common factor of 48 and 68892?
12
What is the greatest common divisor of 138 and 140530?
46
Calculate the highest common factor of 1200 and 1824.
48
Calculate the greatest common divisor of 603163 and 33.
11
What is the highest common divisor of 65224 and 3968?
248
Calculate the highest common divisor of 250 and 3006.
2
What is the greatest common divisor of 1945816 and 8?
8
What is the greatest common factor of 2408 and 812?
28
Calculate the highest common factor of 40506 and 645.
129
Calculate the greatest common divisor of 1548 and 936.
36
What is the highest common divisor of 203733 and 3?
3
What is the greatest common factor of 285 and 591375?
285
Calculate the highest common factor of 49660 and 520.
260
What is the greatest common factor of 329 and 11669?
7
Calculate the highest common factor of 522733 and 951.
317
Calculate the greatest common factor of 477 and 34821.
477
Calculate the greatest common divisor of 36 and 2359872.
36
Calculate the greatest common divisor of 28 and 338996.
28
What is the greatest common factor of 2933 and 24302?
419
What is the greatest common factor of 144460 and 3720?
620
Calculate the greatest common divisor of 558712 and 154.
154
Calculate the greatest common divisor of 363771 and 3493.
499
Calculate the greatest common factor of 266 and 23807.
133
Calculate the greatest common factor of 163 and 2714113.
163
Calculate the highest common factor of 8600 and 23392.
344
Calculate the greatest common factor of 402 and 34698.
6
What is the highest common factor of 10750 and 7250?
250
Calculate the greatest common divisor of 57 and 133779.
57
Calculate the highest common factor of 1926 and 76719.
321
What is the greatest common divisor of 48791 and 2910?
97
Calculate the greatest common divisor of 636 and 16059.
159
What is the greatest common divisor of 125 and 50?
25
What is the greatest common divisor of 294 and 55958?
98
Calculate the highest common factor of 377860 and 280.
140
What is the highest common factor of 8847 and 36?
9
What is the greatest common factor of 175219 and 187?
187
Calculate the greatest common factor of 6612 and 1218.
174
Calculate the greatest common divisor of 8616 and 1080.
24
Calculate the highest common divisor of 258261 and 465.
93
Calculate the greatest common factor of 1120 and 14336.
224
Calculate the greatest common factor of 9451 and 5382.
13
What is the greatest common divisor of 8715 and 23730?
105
What is the highest common divisor of 25896 and 41168?
664
Calculate the highest common factor of 136 and 16344.
8
What is the highest common factor of 1620322 and 22?
22
Calculate the highest common factor of 402615 and 180.
45
What is the highest common factor of 102 and 453322?
34
What is the highest common divisor of 50 and 74960?
10
What is the highest common divisor of 280 and 1008490?
70
What is the highest common factor of 165005 and 80?
5
What is the greatest common factor of 134198 and 612?
34
Calculate the greatest common divisor of 432 and 209466.
54
Calculate the highest common divisor of 568 and 1602328.
568
What is the greatest common divisor of 27 and 62055?
9
What is the highest common divisor of 1140 and 89040?
60
Calculate the highest common factor of 90 and 4748346.
18
What is the highest common divisor of 26602 and 94?
94
Calculate the highest common factor of 25